or of 418 and 49643?
11
Calculate the highest common factor of 318 and 482883.
159
Calculate the greatest common factor of 2264 and 95371.
283
Calculate the greatest common divisor of 196 and 480494.
98
What is the greatest common factor of 4280 and 72?
8
Calculate the highest common factor of 2176 and 646.
34
Calculate the highest common divisor of 4664 and 1961.
53
What is the highest common factor of 32 and 656?
16
Calculate the highest common divisor of 4303 and 1573.
13
Calculate the highest common divisor of 338772 and 1739.
37
Calculate the highest common factor of 82340 and 115.
115
What is the greatest common factor of 326 and 602122?
326
What is the highest common factor of 2958116 and 1624?
812
Calculate the highest common factor of 129 and 8600.
43
Calculate the greatest common divisor of 525527 and 313.
313
Calculate the greatest common factor of 141505 and 5287.
311
Calculate the highest common factor of 24 and 29688.
24
What is the greatest common factor of 147 and 645?
3
What is the greatest common divisor of 11574 and 306?
18
What is the highest common divisor of 108210 and 270?
30
What is the greatest common divisor of 420 and 109116?
84
What is the greatest common factor of 621 and 721602?
621
Calculate the highest common divisor of 532 and 406.
14
Calculate the highest common factor of 1824 and 340404.
228
Calculate the highest common divisor of 6 and 6033822.
6
What is the highest common divisor of 18104 and 73?
73
What is the highest common divisor of 1070602 and 26?
26
What is the greatest common factor of 71242 and 3184?
398
What is the greatest common factor of 64842 and 9844?
214
Calculate the greatest common factor of 3556 and 21294.
14
What is the greatest common divisor of 7988 and 32?
4
Calculate the highest common divisor of 5390 and 29810.
110
What is the highest common factor of 23272 and 2456?
8
What is the greatest common divisor of 493 and 21607?
17
Calculate the greatest common divisor of 5959 and 177.
59
What is the highest common divisor of 1218 and 126?
42
What is the highest common factor of 91434 and 10878?
294
What is the highest common divisor of 9000823 and 39?
13
Calculate the greatest common factor of 112716 and 4960.
124
Calculate the highest common divisor of 993 and 2997867.
993
What is the highest common factor of 69696 and 96921?
1089
Calculate the greatest common divisor of 260 and 519740.
260
Calculate the highest common factor of 12810 and 3570.
210
What is the greatest common factor of 60 and 1953165?
15
Calculate the highest common divisor of 729 and 5508.
81
What is the greatest common factor of 588 and 253281?
147
What is the greatest common factor of 1702 and 17242?
74
Calculate the highest common divisor of 1691 and 329478.
89
What is the highest common factor of 4 and 195706?
2
Calculate the greatest common factor of 1003 and 19499.
17
Calculate the highest common divisor of 21 and 171507.
21
Calculate the highest common divisor of 21 and 183012.
3
Calculate the highest common factor of 25994 and 10496.
82
Calculate the greatest common divisor of 99 and 105303.
33
What is the greatest common factor of 29088 and 126?
18
What is the highest common divisor of 6644 and 66?
22
What is the highest common factor of 9360 and 272?
16
What is the greatest common divisor of 450 and 32112?
18
What is the greatest common divisor of 64698 and 263?
263
Calculate the highest common factor of 155927 and 241.
241
Calculate the highest common divisor of 52407 and 162.
81
What is the highest common divisor of 333 and 19277?
37
What is the highest common factor of 14182 and 42?
14
Calculate the highest common factor of 806 and 261144.
806
What is the highest common factor of 896 and 3244544?
128
What is the greatest common factor of 17292 and 4884?
132
Calculate the highest common divisor of 83915 and 65841.
1291
What is the greatest common divisor of 35640 and 30?
30
Calculate the greatest common divisor of 509344 and 132.
44
Calculate the highest common factor of 8 and 21760.
8
What is the greatest common factor of 195563 and 1614?
269
Calculate the greatest common factor of 88880 and 32.
16
What is the greatest common factor of 231 and 6132?
21
Calculate the highest common factor of 2658 and 176314.
886
What is the greatest common divisor of 235105 and 39?
13
What is the greatest common divisor of 815689 and 19?
19
What is the highest common factor of 474 and 918?
6
Calculate the greatest common factor of 200 and 6650.
50
Calculate the greatest common factor of 324 and 976656.
12
What is the highest common factor of 58562 and 5264?
658
Calculate the greatest common factor of 861861 and 46893.
1617
What is the highest common divisor of 2855 and 200?
5
What is the highest common divisor of 17 and 2203727?
17
Calculate the highest common factor of 67854 and 688.
86
What is the greatest common factor of 959 and 1918?
959
What is the greatest common factor of 3220 and 38801?
161
Calculate the greatest common divisor of 2628 and 70664.
292
Calculate the highest common divisor of 25 and 5585.
5
Calculate the highest common divisor of 164 and 2196.
4
What is the highest common factor of 80512 and 35360?
544
Calculate the highest common divisor of 1949492 and 136.
68
Calculate the greatest common factor of 88760 and 32.
8
Calculate the greatest common divisor of 753 and 7028.
251
What is the greatest common factor of 2620 and 14148?
524
Calculate the highest common divisor of 435 and 9060.
15
Calculate the greatest common divisor of 8361719 and 211.
211
Calculate the highest common divisor of 828 and 424350.
414
Calculate the highest common factor of 652 and 2490151.
163
What is the greatest common factor of 154 and 589344?
14
What is the highest common factor of 225 and 2349?
9
Calculate the highest common divisor of 8622748 and 618.
206
What is the greatest common factor of 116 and 24737?
29
Calculate the greatest common factor of 682320 and 120.
120
Calculate the greatest common divisor of 413 and 5723.
59
Calculate the greatest common factor of 6337511 and 263.
263
What is the highest common factor of 420 and 18420?
60
What is the greatest common divisor of 495187 and 649?
649
What is the highest common factor of 104 and 373724?
52
What is the highest common factor of 2076 and 10899?
519
Calculate the greatest common factor of 109925 and 75.
25
Calculate the highest common divisor of 15 and 286215.
15
Calculate the highest common factor of 798 and 4326.
42
Calculate the greatest common divisor of 7190 and 1370.
10
What is the highest common factor of 4089 and 3290?
47
What is the highest common factor of 2925 and 18?
9
Calculate the highest common factor of 185 and 2064785.
185
What is the greatest common divisor of 33530 and 1442?
14
Calculate the greatest common divisor of 2475651 and 69.
69
Calculate the greatest common factor of 1911 and 221.
13
What is the greatest common divisor of 151 and 15553?
151
Calculate the greatest common factor of 2772988 and 1174.
1174
Calculate the greatest common divisor of 53856 and 224136.
792
Calculate the greatest common divisor of 9895 and 405.
5
Calculate the greatest common divisor of 2247 and 214.
107
What is the highest common divisor of 49867 and 376?
47
What is the highest common factor of 83107 and 82?
41
What is the highest common factor of 780 and 276510?
390
What is the highest common divisor of 1052 and 96?
4
Calculate the highest common divisor of 1313 and 689.
13
Calculate the greatest common factor of 2036 and 37157.
509
Calculate the highest common factor of 152864 and 42976.
544
Calculate the greatest common divisor of 11891 and 56635.
47
What is the greatest common factor of 117 and 69823?
13
What is the greatest common factor of 11628 and 93840?
204
Calculate the greatest common factor of 336 and 8988.
84
What is the greatest common factor of 1204 and 3276?
28
Calculate the greatest common factor of 1471085 and 63.
7
Calculate the highest common divisor of 49 and 1043.
7
What is the highest common factor of 2984 and 3683002?
746
Calculate the highest common divisor of 22631 and 2135.
427
Calculate the greatest common factor of 12576 and 42.
6
Calculate the highest common divisor of 1388 and 52.
4
Calculate the highest common divisor of 136 and